he remainder when 209954 is divided by 158.
130
What is the remainder when 311738 is divided by 332?
322
Calculate the remainder when 109424 is divided by 36462.
38
Calculate the remainder when 298836 is divided by 14.
6
What is the remainder when 20548 is divided by 570?
28
Calculate the remainder when 964819 is divided by 507.
505
Calculate the remainder when 1333 is divided by 349.
286
What is the remainder when 141546 is divided by 95?
91
Calculate the remainder when 4219 is divided by 151.
142
What is the remainder when 973 is divided by 183?
58
What is the remainder when 1681 is divided by 168?
1
What is the remainder when 34287 is divided by 17120?
47
Calculate the remainder when 752779 is divided by 188194.
3
Calculate the remainder when 2515 is divided by 805.
100
What is the remainder when 9909 is divided by 46?
19
Calculate the remainder when 56738 is divided by 211.
190
What is the remainder when 573 is divided by 386?
187
Calculate the remainder when 11233 is divided by 11223.
10
What is the remainder when 168387 is divided by 217?
212
Calculate the remainder when 6727 is divided by 546.
175
What is the remainder when 20101 is divided by 20084?
17
Calculate the remainder when 18525 is divided by 563.
509
What is the remainder when 480 is divided by 55?
40
What is the remainder when 12114 is divided by 347?
316
What is the remainder when 826 is divided by 353?
120
Calculate the remainder when 15764 is divided by 584.
580
Calculate the remainder when 6659 is divided by 7.
2
What is the remainder when 6170 is divided by 1669?
1163
Calculate the remainder when 120030 is divided by 1364.
1362
Calculate the remainder when 15438 is divided by 20.
18
Calculate the remainder when 12732 is divided by 12711.
21
Calculate the remainder when 54970 is divided by 297.
25
What is the remainder when 321026 is divided by 544?
66
What is the remainder when 388056 is divided by 569?
567
What is the remainder when 23421 is divided by 1020?
981
What is the remainder when 6612 is divided by 18?
6
Calculate the remainder when 42301 is divided by 46.
27
Calculate the remainder when 30548 is divided by 57.
53
Calculate the remainder when 818 is divided by 340.
138
What is the remainder when 9675 is divided by 20?
15
Calculate the remainder when 932 is divided by 257.
161
Calculate the remainder when 126272 is divided by 385.
377
What is the remainder when 458 is divided by 34?
16
Calculate the remainder when 98106 is divided by 194.
136
Calculate the remainder when 266560 is divided by 59.
57
Calculate the remainder when 6782 is divided by 3208.
366
What is the remainder when 6751 is divided by 70?
31
What is the remainder when 795 is divided by 400?
395
Calculate the remainder when 6054 is divided by 27.
6
Calculate the remainder when 14827 is divided by 243.
4
Calculate the remainder when 623 is divided by 33.
29
Calculate the remainder when 375823 is divided by 9890.
3
Calculate the remainder when 17089 is divided by 8238.
613
Calculate the remainder when 128990 is divided by 219.
218
What is the remainder when 12622 is divided by 258?
238
What is the remainder when 203253 is divided by 67733?
54
What is the remainder when 108586 is divided by 332?
22
Calculate the remainder when 1843 is divided by 79.
26
What is the remainder when 13049 is divided by 145?
144
Calculate the remainder when 2097 is divided by 997.
103
Calculate the remainder when 5450 is divided by 138.
68
What is the remainder when 963354 is divided by 17?
15
Calculate the remainder when 21288 is divided by 1327.
56
Calculate the remainder when 3171 is divided by 1053.
12
What is the remainder when 66809 is divided by 17?
16
What is the remainder when 101722 is divided by 236?
6
Calculate the remainder when 235888 is divided by 235879.
9
Calculate the remainder when 34115 is divided by 16796.
523
What is the remainder when 415 is divided by 37?
8
Calculate the remainder when 191291 is divided by 101.
98
What is the remainder when 245292 is divided by 23?
20
Calculate the remainder when 5246 is divided by 54.
8
Calculate the remainder when 6637 is divided by 71.
34
What is the remainder when 592 is divided by 584?
8
What is the remainder when 6611 is divided by 293?
165
What is the remainder when 4171 is divided by 65?
11
Calculate the remainder when 55542 is divided by 112.
102
What is the remainder when 5261 is divided by 2172?
917
What is the remainder when 51401 is divided by 25678?
45
Calculate the remainder when 5246 is divided by 290.
26
Calculate the remainder when 23015 is divided by 35.
20
What is the remainder when 11593 is divided by 17?
16
What is the remainder when 29805 is divided by 403?
386
What is the remainder when 30269 is divided by 124?
13
Calculate the remainder when 328407 is divided by 109468.
3
What is the remainder when 3424 is divided by 542?
172
What is the remainder when 475 is divided by 84?
55
What is the remainder when 40576 is divided by 76?
68
What is the remainder when 134613 is divided by 360?
333
What is the remainder when 763810 is divided by 294?
292
What is the remainder when 157108 is divided by 2964?
16
Calculate the remainder when 4017 is divided by 1328.
33
What is the remainder when 102349 is divided by 860?
9
Calculate the remainder when 6843 is divided by 324.
39
What is the remainder when 2275 is divided by 2202?
73
What is the remainder when 7372 is divided by 743?
685
What is the remainder when 1017 is divided by 146?
141
What is the remainder when 213818 is divided by 1485?
1463
Calculate the remainder when 2482 is divided by 157.
127
Calculate the remainder when 3623 is divided by 10.
3
What is the remainder when 3030 is divided by 983?
81
Calculate the remainder when 1954348 is divided by 86.
84
Calculate the remainder when 2260 is divided by 750.
10
Calculate the remainder when 12263 is divided by 12257.
6
What is the remainder when 512560 is divided by 19?
16
Calculate the remainder when 6589 is divided by 994.
625
Calculate the remainder when 12671527 is divided by 611.
609
What is the remainder when 54452 is divided by 3403?
4
Calculate the remainder when 3759642 is divided by 1406.
1404
Calculate the remainder when 124017 is divided by 36.
33
What is the remainder when 7982 is divided by 23?
1
What is the remainder when 3104 is divided by 25?
4
Calculate the remainder when 6273 is divided by 1041.
27
Calculate the remainder when 12958 is divided by 8.
6
What is the remainder when 37948 is divided by 1186?
1182
What is the remainder when 2098 is divided by 164?
130
Calculate the remainder when 14771 is divided by 864.
83
What is the remainder when 8141789 is divided by 1552?
1549
What is the remainder when 711803 is divided by 99?
92
What is the remainder when 3301 is divided by 416?
389
Calculate the remainder when 707 is divided by 686.
21
What is the remainder when 33764 is divided by 4?
0
Calculate the remainder when 2741 is divided by 2380.
361
What is the remainder when 4314 is divided by 20?
14
What is the remainder when 20932 is divided by 251?
99
What is the remainder when 8205 is divided by 890?
195
Calculate the remainder when 8663 is divided by 124.
107
Calculate the remainder when 54022 is divided by 42.
10
Calculate the remainder when 955 is divided by 396.
163
What is the remainder when 19174 is divided by 3823?
59
What is the remainder when 22923 is divided by 7627?
42
Calculate the remainder when 699776 is divided by 146.
144
Calculate the remainder when 5708 is divided by 104.
92
What is the remainder when 274657 is divided by 52?
45
What is the remainder when 504895 is divided by 197?
181
Calculate the remainder when 129947 is divided by 119.
118
Calculate the remainder when 30995 is divided by 10330.
5
What is the remainder when 19760 is divided by 114?
38
Calculate the remainder when 1229 is divided by 16.
13
Calculate the remainder when 258 is divided by 54.
42
What is the remainder when 50124 is divided by 28?
4
Calculate the remainder when 1759 is divided by 298.
269
Calculate the remainder when 2285609 is divided by 47.
46
What is the remainder when 2333 is divided by 545?
153
Calculate the remainder when 2602 is divided by 1286.
30
What is the remainder when 14329 is divided by 14256?
73
Calculate the